v(p) = p**2 - 3*p - 1. Let j be v(s). Suppose 179 = j*x + 4*t, 5*x - 52 - 233 = -4*t. What is the tens digit of x?
5
Let t(a) = -2*a**2 + 10*a - 15. Let d be t(7). Let q = d - -118. What is the tens digit of q?
7
Suppose -4*x = 2*s - 652 - 4406, -x = -4*s - 1278. What is the tens digit of x?
6
Let g = -5 - -8. Let o(m) = m**3 - 10*m**2 + 2*m + 0 - g + 0*m. What is the units digit of o(10)?
7
What is the units digit of -6 + 10 - (-3)/((-6)/(-358))?
3
Let o(n) = 4*n - 22. Let c be o(9). Suppose -h - h - c = 0. What is the units digit of h/(21/6) + 40?
8
Let d be (-2)/(0 - 4)*-10. Let l be d/((-50)/(-4))*-5. Let f = l - -17. What is the tens digit of f?
1
Suppose -g = f - 505, -f - 4*g + 301 = -207. What is the tens digit of f?
0
What is the units digit of 12/(-30) + 18702/30?
3
Let n(g) = -43*g + 6. Let m be (-18)/(-24) + (-57)/12. What is the units digit of n(m)?
8
Let k(a) = -2*a. Let o be k(3). What is the tens digit of o/(-45) - (-7998)/90?
8
Suppose 0 = p - 6. Suppose -p*q + w + 231 = -2*q, 2*q - w - 115 = 0. What is the tens digit of q?
5
Let k(q) = q**3 - 3*q**2 - 2*q + 5. Let n be k(3). Let z be (16/(-48))/(n/(-6)). What is the units digit of 26 - z*8/4?
0
Let a = 1505 + 632. What is the units digit of a?
7
Let w(m) = -m**2 - 12*m + 13. Let z be w(-13). Suppose z = 4*q - 12, 4*q - 51 = -3*b - 21. What is the units digit of b?
6
Let k = 1544 - 113. What is the tens digit of k?
3
Suppose -8 = -y + 2. What is the units digit of y/4*(-42)/(-35)?
3
Suppose 0*w + 2*y - 7 = -5*w, -5*w = -2*y - 3. Suppose -2*o + 6 = -2*k, w + 7 = 2*k. What is the units digit of o?
7
What is the tens digit of 8*(-9)/(-36) - -709?
1
Let a = 1685 + -795. What is the tens digit of a?
9
Suppose i = -p + 4*i - 17, 0 = 4*p + 2*i + 40. Let y(h) = 2*h - 17. Let c(f) = 2*f - 18. Let n(u) = 4*c(u) - 5*y(u). What is the tens digit of n(p)?
3
Suppose -51*z + 32529 = -5772. What is the units digit of z?
1
Suppose -37*y = -43*y + 4068. What is the tens digit of y?
7
Let h(f) = 268*f + 514. What is the units digit of h(8)?
8
Suppose -11238 = -9*y + 7*y - 4*x, -2*y + 4*x = -11238. What is the thousands digit of y?
5
Suppose 0 = -18*t - 440 + 5462. What is the hundreds digit of t?
2
Let b(d) = -d**2 - 5*d + 17. Let x be b(-8). What is the units digit of (x - -8)*24/2?
2
Let f = -6529 - -9930. What is the units digit of f?
1
Suppose 0 = -4*h - 5*p + 17, 2*p - 9 = 5*p. Suppose h = 5*n - 12. Suppose n*r = 5*j + 55, 4*j - 75 = -4*r + 25. What is the units digit of r?
0
Let y be ((-46)/4*-5)/((-2)/(-4)). What is the units digit of (5 + y/(-15))/((-6)/9)?
4
Let s = 1025 - 861. What is the tens digit of s?
6
Suppose -149 + 25 = -q + 4*l, 0 = -q + 5*l + 121. What is the tens digit of q?
3
Let u(g) = 263*g**2 + 9*g + 5. Let b(k) = 131*k**2 + 4*k + 2. Let m(n) = 7*b(n) - 3*u(n). What is the hundreds digit of m(1)?
1
What is the tens digit of 1*348 + (10 - 5)?
5
Let y(g) = -6*g**3 - 4*g**2 - g + 5. Let i(n) = -8*n**3 - 5*n**2 + 4. Let q(a) = 4*i(a) - 5*y(a). What is the tens digit of q(-4)?
9
What is the thousands digit of (-3*(-298)/3)/(86/516)?
1
Let z(d) = 3*d**2 - 16*d - 34. Let i(c) = -4*c**2 + 17*c + 35. Let y(n) = -4*i(n) - 5*z(n). What is the units digit of y(-15)?
5
Let v = 1085 - 596. What is the tens digit of v?
8
Let l be (7/2)/(7/(-84)). Let v be -7*1*24/l. Let a(x) = x**2 - 2*x + 9. What is the units digit of a(v)?
7
Let h = 1244 + -348. Suppose -7*z - h = -14*z. What is the units digit of z?
8
Let o(w) = -2*w + 2. Let h be o(2). Let i be 3/(h - -5) + -2. What is the tens digit of -4*(-3 + 0 + i)?
1
Let a = 0 - -3. Suppose -21 = -4*l + 5*d, -4*l = -0*l - a*d - 19. Suppose 0 = l*n + 20, 6*r - r = -3*n + 280. What is the tens digit of r?
5
Let r = -11 + 19. What is the tens digit of ((-34)/(-3))/(r/12)?
1
Let t = -6 - -6. Let n(a) = -2*a + 1 + 25 + 4*a + 7. What is the units digit of n(t)?
3
Let h = -6 - -14. Let c(l) = l - 6. Let z be c(h). Suppose -3*v = z*m - 16, -v - 4*v + 3*m + 33 = 0. What is the units digit of v?
6
Let h(x) = 115*x**2 - x - 2. Let j = 37 + -38. What is the hundreds digit of h(j)?
1
Suppose -3*j = 3*j + 18. Let x(w) = -2*w + 2. What is the units digit of x(j)?
8
Let a = -6 + 16. Suppose -z + 2*z = -a. Let q(w) = -w**3 - 11*w**2 - 10*w + 6. What is the units digit of q(z)?
6
Suppose 2*y = 5*t + 37, -4*y = t - 3*t - 34. What is the units digit of (-5)/(10/y) - -50?
7
Let k = -958 + 2050. What is the units digit of k?
2
What is the thousands digit of 3667/1 + 111 + -107?
3
Let y = -3 - -9. Suppose -5*z - y = 4. What is the units digit of (1 - 2)/(1/z)?
2
Let f(c) = 5*c**2 - 21*c - 6. Let l(s) = 4*s**2 - 20*s - 6. Let n(d) = -5*f(d) + 6*l(d). What is the units digit of n(-11)?
8
Let y(s) be the third derivative of -5*s**4/24 - 8*s**3/3 - 10*s**2. What is the units digit of y(-7)?
9
Suppose -10*v = -9*v - 6. Let n = v + 72. Let u = n + -44. What is the tens digit of u?
3
What is the thousands digit of (-4 + 1)*98460/(-108)?
2
Let z = 8 + -6. Suppose 5*l - 386 = 4*q, -104 - 288 = -5*l - z*q. Suppose l = 12*i - 10*i. What is the units digit of i?
9
What is the units digit of -8 - -844 - (-6 + -1)?
3
Let k(m) = 2*m**2 - 2*m + 1. Let h(i) = i**2 + 8*i - 8. Let b be h(-9). Let f be k(b). What is the tens digit of 1 + 19 + -3 + f?
1
Let u = 40 - 38. Let k(c) = 44*c - 9. What is the tens digit of k(u)?
7
Let n(k) = -k**2 + 4. Let c be n(-3). Let v(s) = s**2 - 2*s + 6. Let x be v(c). Suppose -4*p = x - 129. What is the tens digit of p?
2
Suppose -11*i + 28 = -4*i. Suppose 9*m = -2*j + i*m + 18, 0 = 5*j - 2*m - 16. What is the units digit of j?
4
Let t = 15 - -67. Suppose -g + 45 = -t. What is the units digit of g?
7
Suppose 10*s - 7*s = 2691. What is the tens digit of s?
9
Let n(s) = s**3 - 31*s**2 - 55*s + 47. What is the tens digit of n(33)?
1
Suppose -4*z - 5 = -1. Let p(s) = 7*s. Let a(h) = -15*h. Let k(i) = 6*a(i) + 10*p(i). What is the tens digit of k(z)?
2
Suppose -134*t = -114*t - 30560. What is the tens digit of t?
2
Suppose -1258 = -261*b + 259*b. What is the units digit of b?
9
Suppose -2*w - 3*w + 35 = 0. Suppose 4*r - 13 = w, 5*d - 5*r = -100. Let s = -7 - d. What is the units digit of s?
8
Let c = -28 + 13. Let l = 17 + c. Suppose -f + 220 = 4*f - z, -l*f = -5*z - 111. What is the tens digit of f?
4
Let r = -37 - -85. Suppose 0*s - 27 = -4*s + 3*l, 5*s - r = -l. What is the units digit of s?
9
What is the tens digit of ((-210)/(7 + 0))/(6/(-105))?
2
Suppose -5*h + 3*c = -22, -3*h - 5*c = -8*h + 30. Suppose 3*q + 6 = 0, 0 = h*p + 2*p + 4*q - 144. Let n = p - 19. What is the tens digit of n?
1
Suppose -132*o + 164*o = 23392. What is the hundreds digit of o?
7
Suppose 0 = -z - 24 + 22. What is the units digit of (-4 + (-141)/9)*z*6?
6
Suppose -5*g - 4 = -64. Suppose 0 = -3*l - l + g. Let z = l - -5. What is the units digit of z?
8
Suppose -4*k - 626 = -2*m, m + 2*m - 937 = 4*k. What is the units digit of m?
1
Suppose 3*j - 826 = 4*g, 2*j = -3*j - 3*g + 1396. What is the tens digit of j?
7
Suppose -2*b - 5*u + 1797 = 0, b - 6*u = -3*u + 882. What is the units digit of b?
1
Suppose 5 = 3*n + n - 3*x, -4*n - 5*x + 45 = 0. Suppose -f + 3*v + 173 = 0, -n*v - 759 + 74 = -4*f. What is the hundreds digit of f?
1
Suppose -5*s = -3*l + 24, 15 + 20 = 2*l + 3*s. Suppose -3*b = 3*k - l - 38, -2*k - 54 = -2*b. What is the units digit of b?
2
Let a be ((-284)/(-3))/(-1)*-3. Suppose -100*d + a = -98*d. What is the units digit of d?
2
Suppose -8*h - 4*k + 3388 = -4*h, 0 = 4*k + 12. What is the units digit of h?
0
Let m = 71 + -44. Suppose -w + 2*l = -19, -4*w - 4*l = -5*w + m. What is the tens digit of w?
1
Let m be (-1 - -2)/(8/8). What is the tens digit of -137*(0/5 - m)?
3
Let m(z) = 3*z**2 - 33*z + 18. Suppose 0 = 364*w - 365*w + 16. What is the hundreds digit of m(w)?
2
Let t = 396 - 279. Suppose -t = -5*b + 53. What is the units digit of b?
4
Let b(y) be the second derivative of y**5/20 + y**4/2 - 4*y**3/3 - 2*y**2 + 9*y. What is the units digit of b(-6)?
4
Let d = 51 - 65. What is the tens digit of (-2 - -6)*d/(-24)*12?
2
Suppose 47576 = 80*p - 61*p. What is the tens digit of p?
0
Suppose 3*q = 3*g - 161 + 3866, 0 = -4*q - 4*g + 4956. What is the tens digit of q?
3
Let w = 13 + -23. Let l(d) = -d**3 - 10*d**2 - d - 5. Let h be l(w). What is the units digit of ((-